he remainder when 5402401 is divided by 1040?
641
What is the remainder when 111207990 is divided by 842?
840
Calculate the remainder when 980588 is divided by 89.
75
What is the remainder when 88339646 is divided by 42?
38
Calculate the remainder when 81249 is divided by 81188.
61
What is the remainder when 8690118 is divided by 99?
96
What is the remainder when 270300 is divided by 135134?
32
What is the remainder when 16647935 is divided by 757?
748
Calculate the remainder when 244769 is divided by 11109.
371
What is the remainder when 8928970 is divided by 4816?
106
What is the remainder when 386247 is divided by 96560?
7
What is the remainder when 66987 is divided by 16702?
179
What is the remainder when 5964759 is divided by 74?
63
Calculate the remainder when 19094 is divided by 2515.
1489
Calculate the remainder when 49293 is divided by 800.
493
What is the remainder when 2883002 is divided by 415?
412
Calculate the remainder when 176602977 is divided by 2621.
2618
Calculate the remainder when 85174916 is divided by 2937066.
2
What is the remainder when 362235 is divided by 331?
121
Calculate the remainder when 1354434 is divided by 4181.
3971
Calculate the remainder when 12084483 is divided by 561.
543
Calculate the remainder when 6788738 is divided by 1131455.
8
Calculate the remainder when 75411 is divided by 1306.
969
What is the remainder when 60128 is divided by 3563?
3120
What is the remainder when 8729010 is divided by 2463?
138
Calculate the remainder when 11181358 is divided by 860102.
32
Calculate the remainder when 164973 is divided by 2620.
2533
Calculate the remainder when 761075 is divided by 761013.
62
What is the remainder when 88080 is divided by 11383?
8399
Calculate the remainder when 13065697 is divided by 33.
7
Calculate the remainder when 8606712 is divided by 5.
2
What is the remainder when 5569591 is divided by 1113909?
46
Calculate the remainder when 2355527 is divided by 42.
41
Calculate the remainder when 396903 is divided by 198357.
189
Calculate the remainder when 291147 is divided by 257.
223
What is the remainder when 151458 is divided by 75594?
270
What is the remainder when 101576858 is divided by 20?
18
What is the remainder when 395707 is divided by 15826?
57
What is the remainder when 1012268 is divided by 36?
20
Calculate the remainder when 2246796 is divided by 2246772.
24
Calculate the remainder when 480458 is divided by 1674.
20
Calculate the remainder when 12313906 is divided by 769617.
34
What is the remainder when 556536249 is divided by 3?
0
Calculate the remainder when 165777 is divided by 819.
339
What is the remainder when 2014137 is divided by 5855?
17
Calculate the remainder when 303932 is divided by 219.
179
Calculate the remainder when 1412329 is divided by 29417.
313
Calculate the remainder when 3079695 is divided by 1026555.
30
What is the remainder when 3994580 is divided by 693?
128
Calculate the remainder when 5558 is divided by 2140.
1278
Calculate the remainder when 117639 is divided by 291.
75
Calculate the remainder when 731881 is divided by 2158.
319
What is the remainder when 1092075 is divided by 18?
15
What is the remainder when 18608922 is divided by 3721709?
377
Calculate the remainder when 97577 is divided by 79.
12
Calculate the remainder when 597042 is divided by 149.
148
What is the remainder when 1000113045 is divided by 4968?
4965
What is the remainder when 1020823 is divided by 1760?
23
Calculate the remainder when 1350435 is divided by 270078.
45
What is the remainder when 3065 is divided by 109?
13
Calculate the remainder when 47649187 is divided by 72.
19
Calculate the remainder when 10310316 is divided by 859190.
36
Calculate the remainder when 734329 is divided by 91762.
233
What is the remainder when 7064000 is divided by 2354659?
23
What is the remainder when 449085 is divided by 89816?
5
Calculate the remainder when 224591 is divided by 17270.
81
Calculate the remainder when 1044639 is divided by 26.
11
What is the remainder when 18508399 is divided by 326?
75
Calculate the remainder when 381757 is divided by 862.
753
What is the remainder when 4095935 is divided by 43?
13
What is the remainder when 6212631 is divided by 3106309?
13
Calculate the remainder when 24569 is divided by 3620.
2849
Calculate the remainder when 5551 is divided by 996.
571
Calculate the remainder when 1006962 is divided by 100673.
232
What is the remainder when 107349 is divided by 562?
7
What is the remainder when 240180 is divided by 29892?
1044
Calculate the remainder when 9227235 is divided by 58399.
193
Calculate the remainder when 281774 is divided by 10436.
2
Calculate the remainder when 2671555 is divided by 69.
13
What is the remainder when 1705819 is divided by 84?
31
Calculate the remainder when 160294 is divided by 31826.
1164
Calculate the remainder when 63911 is divided by 8922.
1457
What is the remainder when 1476843 is divided by 2413?
87
Calculate the remainder when 555121 is divided by 2656.
17
What is the remainder when 33815 is divided by 4120?
855
Calculate the remainder when 28111581 is divided by 206.
203
Calculate the remainder when 45675 is divided by 2195.
1775
What is the remainder when 4671164 is divided by 5913?
5807
What is the remainder when 26022616 is divided by 579?
40
What is the remainder when 7670025 is divided by 77475?
0
What is the remainder when 16087648 is divided by 679?
101
Calculate the remainder when 160514 is divided by 22919.
81
Calculate the remainder when 3384459 is divided by 87.
72
What is the remainder when 76472824 is divided by 92?
32
What is the remainder when 34711741 is divided by 159?
133
Calculate the remainder when 1402410 is divided by 225.
210
Calculate the remainder when 3694376 is divided by 7827.
32
Calculate the remainder when 4092785 is divided by 83526.
11
What is the remainder when 4754990 is divided by 93?
86
What is the remainder when 281904 is divided by 35216?
176
What is the remainder when 410562 is divided by 136811?
129
What is the remainder when 7307392 is divided by 1077?
1024
What is the remainder when 3026774 is divided by 466?
104
What is the remainder when 1431990 is divided by 715440?
1110
Calculate the remainder when 108613789 is divided by 4980.
4969
What is the remainder when 235381 is divided by 7142?
6837
Calculate the remainder when 541840 is divided by 60203.
13
Calculate the remainder when 8473933 is divided by 368431.
20
What is the remainder when 4111309 is divided by 146832?
13
Calculate the remainder when 12002724 is divided by 122.
120
Calculate the remainder when 803641 is divided by 4595.
4111
What is the remainder when 13471213 is divided by 157?
142
What is the remainder when 23476533 is divided by 116?
105
Calculate the remainder when 1322239 is divided by 189.
184
What is the remainder when 351158 is divided by 61?
42
What is the remainder when 7496833 is divided by 591?
589
Calculate the remainder when 99676353 is divided by 109.
104
Calculate the remainder when 266337 is divided by 33218.
593
Calculate the remainder when 421394 is divided by 3796.
38
Calculate the remainder when 495799 is divided by 495783.
16
What is the remainder when 3261008 is divided by 6394?
68
Calculate the remainder when 2071959 is divided by 1931.
1927
Calculate the remainder when 54465655 is divided by 1479.
1
What is the remainder when 8702573 is divided by 1623?
47
What is the remainder when 142173 is divided by 141963?
210
What is the remainder when 1285190 is divided by 1823?
1798
Calculate the remainder when 175892 is divided by 3954.
1916
Calculate the remainder when 1481574 is divided by 5467.
17
What is the remainder when 14134609 is divided by 5?
4
Calculate the remainder when 3717061 is divided by 497.
495
Calculate the remainder when 607066 is divided by 1108.
990
Calculate the remainder when 25992647 is divided by 296.
295
Calculate the remainder when 5303 is divided by 14.
11
What is the remainder when 1410654 is divided by 705263?
128
Calculate the remainder when 54648417 is divided by 273242.
17
Calculate the remainder when 255230 is divided by 1994.
1992
Calculate the remainder when 430854 is divided by 14855.
59
What is the remainder when 4905975 is divided by 287?
284
Calculate 